is -2 + 1011321?
1011313
In base 9, what is 7431613 + -1?
7431612
In base 11, what is -8 + 58397?
5838a
In base 14, what is 542 - c7?
459
In base 7, what is 2 - 1560300?
-1560265
In base 16, what is -15065d - 2?
-15065f
In base 13, what is 25a + b?
268
In base 16, what is 8c1d0 + 5?
8c1d5
In base 16, what is 6a5 - -8e?
733
In base 16, what is 2a62 - 18?
2a4a
In base 3, what is -10010101 - -2210?
-10000121
In base 3, what is -1 + 22220002222?
22220002221
In base 8, what is -2201 + -6347?
-10550
In base 5, what is -1 - -1011120?
1011114
In base 8, what is -76411 - 2?
-76413
In base 11, what is 963 - -4159?
5011
In base 6, what is -13144 + 20?
-13124
In base 6, what is 122 + -224?
-102
In base 4, what is -11 + 11111130?
11111113
In base 3, what is 22012200 + 2?
22012202
In base 8, what is -524 + -252?
-776
In base 16, what is -7fd - -165?
-698
In base 6, what is 232 + -250?
-14
In base 12, what is -b + -b57?
-b66
In base 2, what is -1 + -1110100001?
-1110100010
In base 2, what is 1000101001101010 + 111011?
1000101010100101
In base 9, what is -40 - 1072?
-1122
In base 7, what is 3 - 6656?
-6653
In base 9, what is -337 + 178?
-148
In base 10, what is 44 + -5597?
-5553
In base 3, what is 221111011220 - -1?
221111011221
In base 8, what is 24 - 26260?
-26234
In base 11, what is -10 - -1302?
12a2
In base 3, what is 10 - -11022012111?
11022012121
In base 9, what is 11111518 + -5?
11111513
In base 3, what is 10 - 21200010?
-21200000
In base 2, what is 101001 + -1101000?
-111111
In base 14, what is -9 - bd53?
-bd5c
In base 11, what is 1203 + -13?
11a0
In base 3, what is 12 - -1020020121120?
1020020121202
In base 6, what is -5 + 141421?
141412
In base 16, what is 96 + -1e6e?
-1dd8
In base 12, what is -a16 + 1038?
222
In base 10, what is -233 + -839?
-1072
In base 6, what is -410 + 12155?
11345
In base 9, what is -321081 - 0?
-321081
In base 15, what is e935 + 9?
e93e
In base 7, what is 55 + -262?
-204
In base 9, what is -854 - -147?
-706
In base 5, what is -3242100 - 13?
-3242113
In base 9, what is 0 + 1561?
1561
In base 12, what is b - 1102b7?
-1102a8
In base 2, what is 1010000111110110 + -110000?
1010000111000110
In base 5, what is -1012 - -1012?
0
In base 10, what is 6 + -881708?
-881702
In base 2, what is 10 - 110110111011111?
-110110111011101
In base 9, what is 16628 + 200?
16828
In base 7, what is -2 + -40552?
-40554
In base 5, what is 14 + -44112?
-44043
In base 3, what is -121110112000 + 0?
-121110112000
In base 3, what is -10020112 + -10221?
-10101110
In base 15, what is 5b21 - 40?
5ad1
In base 16, what is -2 + -798e?
-7990
In base 3, what is 10 - 2101201?
-2101121
In base 12, what is -2 + -2044a?
-20450
In base 4, what is -302200213 + -12?
-302200231
In base 15, what is 4 + 2740c2?
2740c6
In base 14, what is -1c79 + 6?
-1c73
In base 4, what is -113020 - 100003?
-213023
In base 2, what is -1001111000100110101010 - -101?
-1001111000100110100101
In base 5, what is 10 - -23213130?
23213140
In base 8, what is -3160 + 636?
-2322
In base 6, what is 3 + -10115444?
-10115441
In base 15, what is -13e46 + -1b?
-13e62
In base 8, what is -1122 + -14?
-1136
In base 6, what is 5 - -1024330?
1024335
In base 8, what is 0 - -35720?
35720
In base 2, what is -1100010000101011011 + -10?
-1100010000101011101
In base 14, what is -21 + 5dc2?
5da1
In base 14, what is 6dcd + -6?
6dc7
In base 5, what is 0 - -34223?
34223
In base 15, what is 0 - 19aa?
-19aa
In base 7, what is -1 - -523434?
523433
In base 6, what is -53042231 - 0?
-53042231
In base 2, what is 11010110100110001 - 0?
11010110100110001
In base 11, what is -23603 - 52?
-23655
In base 6, what is 1031 - 121?
510
In base 11, what is aa21 - -4?
aa25
In base 5, what is 204010133 + -1?
204010132
In base 14, what is -1 + 203a8?
203a7
In base 14, what is a610 + 2?
a612
In base 10, what is 311025 - -5?
311030
In base 8, what is 4 + 1324652?
1324656
In base 8, what is -133 - 23336?
-23471
In base 12, what is -14b - a69?
-bb8
In base 9, what is -1323 - -217?
-1105
In base 12, what is 2 + 1a353?
1a355
In base 8, what is -2004 - -121?
-1663
In base 13, what is -778 + -10?
-788
In base 6, what is 5 - -43352?
43401
In base 5, what is 4 - -1042401?
1042410
In base 10, what is -1 + 173680?
173679
In base 11, what is 24419 + -8a?
2433a
In base 8, what is 5 + 20571?
20576
In base 3, what is -101 + -2100201?
-2101002
In base 9, what is 12 - 2416?
-2404
In base 5, what is 221 - -41?
312
In base 4, what is -20203220 - -10?
-20203210
In base 4, what is 1020130 - -11031?
1031221
In base 3, what is -2111 + 21211?
12100
In base 2, what is 1 + -10011111100010100?
-10011111100010011
In base 6, what is 245130 - -4?
245134
In base 11, what is 88683 - 5?
88679
In base 14, what is 97c9 + -3?
97c6
In base 16, what is -35 - -2b6?
281
In base 14, what is 53 - -a05?
a58
In base 3, what is -101202002 - -1?
-101202001
In base 11, what is 258 + -605?
-358
In base 14, what is -4 + -cc6?
-cca
In base 7, what is -251663 + -5?
-252001
In base 5, what is -131341042 + 1?
-131341041
In base 7, what is -651 + -25235?
-26216
In base 10, what is -44 + 15863?
15819
In base 14, what is -b - -58d8?
58cb
In base 15, what is 1 - -13ae1?
13ae2
In base 13, what is -206a - -c?
-205b
In base 2, what is 101000000 + 1110010110111?
1110111110111
In base 3, what is 1 + 11112222?
11120000
In base 14, what is 4 - d0592?
-d058c
In base 6, what is 21550 - 34?
21512
In base 11, what is -873 + 61?
-812
In base 13, what is 30 - -3356?
3386
In base 4, what is -1311120 - -30?
-1311030
In base 15, what is 9 - -3209e?
320a8
In base 10, what is 3339 + 9?
3348
In base 9, what is -200 + -32?
-232
In base 15, what is -35c0e - 10?
-35c1e
In base 11, what is 13 + -3666?
-3653
In base 6, what is 22145 + -114?
22031
In base 3, what is -1000 - -10102210120?
10102202120
In base 7, what is -1206 - 45?
-1254
In base 11, what is -821 + 55?
-777
In base 14, what is -4 - -c1186?
c1182
In base 13, what is 1 + -39c?
-39b
In base 9, what is 0 - 1750327?
-1750327
In base 10, what is 44 + 149?
193
In base 8, what is -10 - 157565?
-157575
In base 2, what is -101101001 + -101001110011?
-101111011100
In base 2, what is 10 - 10101011100101001?
-10101011100100111
In base 12, what is 112 - -913?
a25
In base 3, what is 122020 + 210?
200000
In base 6, what is -2 - -25320052?
25320050
In base 11, what is -7 + a46?
a3a
In base 13, what is -4551 + 12?
-453c
In base 11, what is 0 + -6603?
-6603
In base 13, what is -101938 - -5?
-101933
In base 6, what is 34 - 1205155?
-1205121
In base 15, what is -13a6e - 16?
-13a85
In base 11, what is 6a99 + -35?
6a64
In base 8, what is -5 + -10432?
-10437
In base 2, what is -1001100 + -1111100?
-11001000
In base 4, what is 1 - 330103133?
-330103132
In base 3, what is -10 - 102122210100?
-102122210110
In base 13, what is 3848a8 - 0?
3848a8
In base 8, what is 3 + 11505?
11510
In base 13, what is 229 + c0a?
1136
In base 6, what is 4 + 3022452?
3022500
In base 8, what is -1 + 12104?
12103
In base 9, what is 2 + 8262?
8264
In base 5, what is -11 + -141414?
-141430
In base 3, what is 122 + 212202101?
212210000
In base 12, what is 10b + 4ab?
5ba
In base 5, what is 4 - 4331411?
-4331402
In base 4, what is -12 + -22210303?
-22210321
In base 10, what is -112907 - 1?
-112908
In base 4, what is 13220032 - 2230?
13211202
In base 11, what is 2 + 160398?
16039a
In base 5, what is 32030143 + 2?
32030200
In base 8, what is -10 - 6555?
-6565
In base 10, what is -10 + 376?
366
In base 3, what is -21121011210 + 1?
-21121011202
In base 12, what is 6 - -329a?
32a4
In base 5, what is 3144 + -22021?
-13322
In base 6, what is 123120 + -13?
123103
In base 5, what is 11430 - 10?
11420
In base 7, what is 52312 - 4?
52305
In base 3, what is -10201002200 + 21?
-10201002102
In base 2, what is 100100101101001 - -11?
100100101101100
In base 4, what is -1132031 + 300?
-1131131
In base 11, what is 4 + -797721?
-797718
In base 12, what is 3 + -587658?
-587655
In base 3, what is 10221001 - 112?
10220112
In base 11, what is -11 - -3800?
379a
In base 7, what is 1164214 - 2?
1164212
In base 9, what is 247 + -8305?
-8047
In base 4, what is 103113211 - -10?
103113221
In base 15, what is 114d8 - -5c?
11545
In base 14, what is c624b + -5?
c6246
In base 5, what is 244400 - -202?
300102
In base 7, what is 161625 - 5?
16